) = 3*y + 24. Give o(-5).
9
Let y(i) = i**3 + 14*i**2 - 2*i - 29. What is y(-14)?
-1
Let m(t) = 16*t**3 + 1. What is m(-1)?
-15
Let i(u) = -2*u**2 + u + 2. What is i(2)?
-4
Let l(u) = u**3 + u**2 - u - 48. What is l(0)?
-48
Let w(z) = -z**2 + 2*z + 6. What is w(5)?
-9
Let b(i) = i**3 - i**2 - 10*i - 4. What is b(5)?
46
Let r(j) = -2*j - 13. Calculate r(6).
-25
Let j(d) = 26*d**2 - 2*d. Determine j(1).
24
Let m(r) = -r**2 - 2*r - 4. Give m(-4).
-12
Let u(t) = 21*t**3 + t - 1. Determine u(1).
21
Let p(z) = 4*z**3 - 2*z**2 + 4. Give p(-2).
-36
Let d(y) = -6*y + 14. Determine d(2).
2
Let p(j) = j + 25. Calculate p(-9).
16
Let y(k) = 4*k**3 + k**2 - 9*k + 10. Give y(1).
6
Let q(h) = -h**2 - 6*h + 26. Give q(-9).
-1
Let b(q) = 3*q + 4. Give b(0).
4
Let w(p) = -6*p**3 + 14*p**2 + 17*p + 2. Calculate w(-1).
5
Let o(i) = i**3 + 7*i**2 - 8*i - 7. Calculate o(-8).
-7
Let s(l) = -l**3 + 4*l**2 + 139*l - 16. Determine s(-10).
-6
Let k(w) = -w**2 - 14*w. Give k(-10).
40
Let g(z) = z**3 - 3*z**2 - 5*z + 2. What is g(4)?
-2
Let i(b) = -b - 11. What is i(-4)?
-7
Let c(g) = 10*g**3. Calculate c(1).
10
Let r(c) = c**3 + 15*c**2 - 14*c - 1. Calculate r(-16).
-33
Let i(r) = 6*r + 40. Determine i(3).
58
Let k(i) = -i**3 - 7*i**2 + 18*i + 14. Determine k(-9).
14
Let c(l) = 8*l + 141. What is c(-17)?
5
Let j(k) = -k**3 - 10*k**2 + 26*k + 172. Give j(-11).
7
Let n(x) = x**3 + 8*x**2 + 4*x - 9. Determine n(-7).
12
Let s(m) = -2*m - 17. What is s(-8)?
-1
Let p(c) = 3*c - 5. Give p(6).
13
Let x(j) = -7*j - 8. Determine x(-6).
34
Let a(w) = -5*w. Give a(1).
-5
Let t(i) = 2*i - 5. Determine t(5).
5
Let r(i) = i**2 - 17*i + 18. Give r(16).
2
Let l(k) = k**2 - 31*k + 181. Calculate l(5).
51
Let k(d) = -15*d - 4. What is k(4)?
-64
Let g(n) = n**2 - 2*n - 19. Calculate g(6).
5
Let d(m) = m - 19. What is d(14)?
-5
Let h(o) = 6*o - 16. Calculate h(0).
-16
Let h(j) = j**3 - 8*j**2 + 5*j - 6. Determine h(5).
-56
Let i(o) = -5*o + 79. Give i(15).
4
Let a(i) = -i**2 + i + 11. Calculate a(-5).
-19
Let x(j) = j**2 + 16*j + 1. Determine x(-6).
-59
Let q(p) = -p**2 - 11*p - 18. Calculate q(-14).
-60
Let o(z) = z**2 + z - 2. Determine o(6).
40
Let g(v) = 2*v**2 - 5*v + 13. What is g(6)?
55
Let f(m) = -m**3 + 7*m**2 - 7. Calculate f(6).
29
Let y(d) = 4*d - 65. Calculate y(17).
3
Let k(c) = -2*c**3 - 12*c**2 - 21*c - 32. Calculate k(-4).
-12
Let x(r) = -4*r + 9. What is x(4)?
-7
Let u(b) = b**3 + 7*b**2 - 9*b. Give u(-8).
8
Let q(n) = n**3 + 2*n**2 - n + 3. Calculate q(-4).
-25
Let c(j) = j**2 + 3*j - 4. Calculate c(-3).
-4
Let o(x) = -2*x + 13. What is o(8)?
-3
Let w(r) = -5*r**2 - 2*r + 3. Calculate w(-3).
-36
Let j(o) = -2*o + 4. Give j(-9).
22
Let d(u) = u**2 - 7*u - 13. Determine d(9).
5
Let u(r) = -r**2 - 14*r + 26. Give u(2).
-6
Let t(y) = y - 3. Give t(-6).
-9
Let x(o) = o**3 + 19*o**2 + 32*o - 21. Give x(-17).
13
Let g(l) = -3*l**2 + 25*l - 2. Give g(9).
-20
Let k(c) = 2*c - 1. Determine k(-9).
-19
Let f(j) = 4*j - 7. Give f(10).
33
Let v(b) = -b**3 + 6*b**2 - 10*b + 49. Calculate v(6).
-11
Let a(q) = -q**2 + 7*q - 14. Determine a(6).
-8
Let f(r) = 3*r**2 - 19*r + 19. What is f(6)?
13
Let z(p) = -p**3 - 15*p**2 + 17*p + 17. Determine z(-16).
1
Let s(q) = -6*q + 19. What is s(4)?
-5
Let n(q) = 5*q - 65. Determine n(11).
-10
Let y(h) = h**2 - h + 1. Give y(0).
1
Let t(d) = -d**2 + 11*d - 37. Determine t(5).
-7
Let r(n) = -2*n - 19. Calculate r(-12).
5
Let m(d) = d**3 + 3*d**2 + 5*d + 3. Determine m(-2).
-3
Let s(l) = 5*l**3 + 2*l**2 + 4*l + 3. Give s(-1).
-4
Let s(g) = 2*g**2 + 7*g + 10. What is s(-4)?
14
Let y(s) = -5*s**3 + 47*s**2 - 20*s + 16. Determine y(9).
-2
Let w(i) = -3*i**3 - 2*i**2 + 2*i - 1. Determine w(1).
-4
Let q(w) = 15*w - 10. Give q(6).
80
Let q(a) = -a**3 - 6*a**2 + 4*a + 5. Calculate q(-6).
-19
Let g(j) = 23*j - 31. Calculate g(2).
15
Let l(m) = -m**3 + 35*m**2 - 32*m - 77. What is l(34)?
-9
Let q(i) = -14*i + 132. What is q(10)?
-8
Let k(i) = -i**2 + 15*i - 6. Give k(15).
-6
Let y(k) = k**3 - 7*k**2 + 3*k - 4. What is y(6)?
-22
Let a(i) = i**2 + 17*i - 17. Give a(-18).
1
Let o(j) = 14*j - 9. What is o(1)?
5
Let p(x) = -x**3 - 18*x**2 - 13*x + 7. Calculate p(-17).
-61
Let v(q) = 16*q**2 - 15*q + 16. Give v(1).
17
Let a(b) = b - 6. Calculate a(-2).
-8
Let s(p) = 7*p + 43. Calculate s(-9).
-20
Let z(y) = 2*y - 8. Give z(15).
22
Let t(y) = 16*y**3 - 3*y**2 + 2. Calculate t(-1).
-17
Let q(u) = 3*u**2 - 14*u + 23. Determine q(3).
8
Let n(q) = q**3 - 2*q**2 - 4*q + 1. What is n(-2)?
-7
Let f(j) = j**2 - j + 10. Determine f(0).
10
Let a(p) = -2*p**2 + 2. Give a(3).
-16
Let i(t) = -t**2 - 8*t - 10. Give i(-2).
2
Let a(f) = -2*f**2 - 33*f + 4. Give a(-17).
-13
Let g(h) = 13*h**2 + 4*h + 2. Determine g(-1).
11
Let x(q) = q**3 + 5*q**2 - 9*q - 7. What is x(-6)?
11
Let m(s) = -s**3 - 10*s**2 + 23*s + 8. Calculate m(-12).
20
Let y(m) = -m**3 + 12*m**2 + 13*m - 12. Determine y(13).
-12
Let s(p) = 59*p - 60. What is s(1)?
-1
Let w(q) = -2*q - 58. Calculate w(5).
-68
Let b(u) = 3*u**2 - 42*u + 48. Determine b(12).
-24
Let a(i) = -i**2 - 16*i + 40. Calculate a(-20).
-40
Let s(b) = b + 3. What is s(7)?
10
Let n(h) = -2*h**2 - 27*h - 77. Determine n(-10).
-7
Let s(i) = -i**2 - 13*i + 115. What is s(6)?
1
Let t(l) = l**3 - l**2 + 2*l + 1. Calculate t(3).
25
Let d(u) = 2*u - 34. What is d(20)?
6
Let r(a) = a**3 - 9*a**2 + 8*a - 15. Determine r(8).
-15
Let n(o) = o**3 - 8*o**2 + 8*o - 59. What is n(8)?
5
Let k(x) = x**3 - 4*x**2 - 19*x - 13. Give k(7).
1
Let z(x) = x**2 - 16*x - 19. Give z(18).
17
Let z(b) = b**3 + 13*b**2 + 11*b - 5. What is z(-12)?
7
Let v(a) = a**3 - 7*a**2 - 8*a + 5. Determine v(8).
5
Let c(l) = -2*l**2 + 4*l + 1. Determine c(4).
-15
Let k(n) = -2*n**3 + 4*n**2 - 6*n + 3. Give k(3).
-33
Let x(d) = -d**2 - 1. What is x(-3)?
-10
Let t(c) = -2*c**2 - 37*c - 23. Calculate t(-18).
-5
Let r(x) = 2*x + 46. Give r(-5).
36
Let t(l) = -13*l + 38. Calculate t(6).
-40
Let q(o) = o + 54. What is q(-10)?
44
Let g(l) = l**2 + 11*l + 6. Determine g(-13).
32
Let s(y) = -5*y - 18. Calculate s(0).
-18
Let b(u) = -u**3 - 17*u**2 - 16*u - 2. Determine b(-16).
-2
Let c(j) = 8*j + 2. Determine c(-3).
-22
Let l(h) = h**3 + 10*h**2 - 2*h + 1. Calculate l(-10).
21
Let i(r) = 34*r**2 + 169*r + 1. Calculate i(-5).
6
Let c(a) = a**3 - 2*a**2 - 10*a + 2. Determine c(5).
27
Let a(y) = -3*y**3 + 4*y**2 + 1. Determine a(3).
-44
Let z(q) = -48*q**3 + 3*q - 2. What is z(1)?
-47
Let x(p) = -p**3 + 2*p**2. What is x(-1)?
3
Let o(j) = 5*j**2 - j - 1. Determine o(-1).
5
Let f(y) = -y**3 - 9*y**2 - 20*y + 18. Determine f(-6).
30
Let d(i) = 27*i - 307. Give d(11).
-10
Let z(h) = -3*h - 31. What is z(-16)?
17
Let h(f) = f**2 - 11*f + 26. Calculate h(7).
-2
Let v(h) = -4*h + 18. Determine v(2).
10
Let u(b) = b**3 + 7. Give u(0).
7
Let w(r) = 4*r**2 + r - 6. What is w(3)?
33
Let l(u) = u**3 + 17*u**2 + 5*u + 22. Determine l(-17).
-63
Let c(w) = 8*w - 6. Determine c(4).
26
Let w(u) = u**2 - 10*u + 3. Determine w(9).
-6
Let h(n) = 9*n**2 - n + 1. What is h(1)?
9
Let c(g) = 35*g + 126. Calculate c(-3).
21
Let p(h) = -21*h + 22. Give p(7).
-125
Let f(g) = -6*g - 1. Determine f(6).
-37
Let l(y) = -y**3 - 12*y**2 - 2*y + 95. Give l(-11).
-4
Let p(h) = -h**3 + 21*h**2 - 55*h - 7. Calculate p(18).
-25
Let r(a) = 2*a**3 - 11*a**2 - 4*a - 18. Calculate r(6).
-6
Let g(n) = -13*n - 8. Give g(-2).
18
Let n(b) = 3*b + 31. What is n(-5)?
16
Let b(w) = -w**2 - 32*w + 904. Determine b(18).
4
Let q(v) = -2*v**2 - 37*v + 33. Calculate q(-19).
14
Let m(x) = -12*x. Calculate m(-1).
12
Let b(r) = -r**2 + 8*r - 6. Calculate b(7).
1
Let t(s) = 2*s**2 + 20*s - 3. Calculate t(-10).
-3
Let n(j) = -j**3 + 2*j**2 - 2*j - 3. Determine n(2).
-7
Let k(c) = c**3 - 5*c**2 + 5*c - 3. Give k(2).
-5
Let y(p) = p**2 - 15*p + 10. What is y(14)?
-4
Let k(r) = 6*r**2 - 2*r - 1. Give k(2).
19
Let g(d) = -d**3 + 21*d**2 + 20*d + 29. What is g(22)?
-15
Let p(i) = i**2 - 12*i - 76. Determine p(15).
-31
Let v(s) = -108*s**2 - 2*s - 1. Calculate v(-1).
-107
Let d(m) = m**3 + 9*m**2 + 15*m - 3. What is d(-7)?
-10
Let u(a) = -a**3 - 30*a**2 - 84*a - 64. Calculate u(-27).
17
Let o(f) = 15*f + 158. What is o(-11)?
-7
Let a(d) = -d + 20. Determine a(9).
11
Let v(h) = -h**2 - 8*h - 6. Give v(-7).
1
Let k(q) = -q + 1. Calculate k(10).
-9
Let c(h) = -2*h**